 609487 a prime number?
True
Is 104821 composite?
True
Is 3489 composite?
True
Is 181123 a composite number?
False
Is 1293739 a prime number?
True
Is 3011 prime?
True
Is 6337 a prime number?
True
Is 41417 composite?
True
Is 167699 composite?
True
Is 12047 composite?
True
Is 2098 a prime number?
False
Is 88721 composite?
False
Is 16753 a composite number?
True
Is 1517 a prime number?
False
Is 3989 a composite number?
False
Is 45307 prime?
True
Is 3383 composite?
True
Is 991303 prime?
False
Is 954293 composite?
True
Is 10898 a composite number?
True
Is 597281 a prime number?
False
Is 34211 a prime number?
True
Is 4020677 a composite number?
True
Is 161599 prime?
True
Is 30161 composite?
False
Is 3409 prime?
False
Is 3407 a composite number?
False
Is 125273 prime?
False
Is 1647539 a composite number?
True
Is 239357 composite?
False
Is 1693 composite?
False
Is 1138 composite?
True
Is 21787 prime?
True
Is 878105 a prime number?
False
Is 27211 composite?
False
Is 13963 composite?
False
Is 2361 prime?
False
Is 22603 a composite number?
True
Is 35381 a prime number?
True
Is 14777 a composite number?
True
Is 43331 a prime number?
True
Is 257487 composite?
True
Is 51713 composite?
False
Is 187205 a composite number?
True
Is 8489 a prime number?
False
Is 86899 a prime number?
False
Is 875377 composite?
False
Is 22327 a prime number?
False
Is 3943 a prime number?
True
Is 6197 composite?
False
Is 793 a composite number?
True
Is 136301 composite?
True
Is 2633 a prime number?
True
Is 88931 composite?
True
Is 11311 prime?
True
Is 10487 a prime number?
True
Is 23755 a prime number?
False
Is 6101 composite?
False
Is 491 prime?
True
Is 970321 prime?
False
Is 18287 prime?
True
Is 1838519 prime?
True
Is 381 a composite number?
True
Is 105899 composite?
False
Is 23003 composite?
False
Is 5513 a composite number?
True
Is 5314537 composite?
False
Is 20201 a composite number?
False
Is 3787 a composite number?
True
Is 377 a composite number?
True
Is 13859 composite?
False
Is 138691 a composite number?
True
Is 913 composite?
True
Is 7499 prime?
True
Is 50567 composite?
True
Is 21621 prime?
False
Is 1213 composite?
False
Is 310697 a prime number?
True
Is 3007 a prime number?
False
Is 3281 composite?
True
Is 13379 composite?
True
Is 349939 a prime number?
True
Is 16601 a prime number?
False
Is 18595 prime?
False
Is 9967 a composite number?
False
Is 139021 composite?
False
Is 78479 a composite number?
False
Is 158149 a prime number?
False
Is 106591 a prime number?
True
Is 61951 a composite number?
True
Is 7321 composite?
False
Is 245377 a composite number?
True
Is 222929 prime?
False
Is 307 a prime number?
True
Is 9517 a composite number?
True
Is 955 a prime number?
False
Is 8203 a composite number?
True
Is 17859 a prime number?
False
Is 16937 prime?
True
Is 213917 prime?
False
Is 9147 composite?
True
Is 24161 a composite number?
True
Is 4717 prime?
False
Is 503 a composite number?
False
Is 4729457 prime?
True
Is 53161 composite?
False
Is 388931 a composite number?
False
Is 3491 a prime number?
True
Is 254033 prime?
False
Is 26293 a prime number?
True
Is 253229 a composite number?
False
Is 97049 a composite number?
True
Is 183081 a prime number?
False
Is 114701 a prime number?
False
Is 210679 composite?
True
Is 34183 a composite number?
False
Is 96567 a composite number?
True
Is 246889 prime?
True
Is 39661 a prime number?
False
Is 217207 prime?
True
Is 414503 composite?
False
Is 153241 a prime number?
False
Is 297049 composite?
False
Is 373613 a composite number?
False
Is 837461 a composite number?
False
Is 422078 prime?
False
Is 7317737 a composite number?
True
Is 5737 a composite number?
False
Is 22177 a prime number?
False
Is 101767 a composite number?
True
Is 894937 prime?
False
Is 1379 a composite number?
True
Is 66403 prime?
True
Is 73237 prime?
True
Is 34179 composite?
True
Is 4621 composite?
False
Is 27329 a composite number?
False
Is 6079 a composite number?
False
Is 475582 a prime number?
False
Is 35795 a composite number?
True
Is 365991 a composite number?
True
Is 473549 a prime number?
True
Is 5669 a prime number?
True
Is 47111 composite?
False
Is 401 a composite number?
False
Is 419309 a composite number?
True
Is 61091 a composite number?
False
Is 1810831 a prime number?
False
Is 448807 composite?
False
Is 149191 a prime number?
False
Is 7753 prime?
True
Is 120287 a composite number?
True
Is 3863 a composite number?
False
Is 3709 a prime number?
True
Is 1622593 composite?
True
Is 5413 prime?
True
Is 4583 a composite number?
False
Is 214913 a composite number?
False
Is 317 prime?
True
Is 1674233 composite?
True
Is 77917 prime?
False
Is 36221 a prime number?
False
Is 7069 a prime number?
True
Is 57871 prime?
False
Is 1291 prime?
True
Is 24098 composite?
True
Is 196423 composite?
True
Is 379159 a composite number?
True
Is 36187 a composite number?
False
Is 387397 a prime number?
True
Is 130969 a prime number?
True
Is 34477 composite?
True
Is 63223 a prime number?
False
Is 2721 prime?
False
Is 30307 composite?
False
Is 472805 composite?
True
Is 30937 a composite number?
False
Is 447589 prime?
False
Is 1343 a prime number?
False
Is 417299 composite?
True
Is 41614 a composite number?
True
Is 122623 a prime number?
False
Is 48881 composite?
True
Is 384005 composite?
True
Is 1613857 composite?
True
Is 258173 a prime number?
True
Is 2669 a composite number?
True
Is 7621 prime?
True
Is 422 a composite number?
True
Is 295751 a prime number?
True
Is 17857 a composite number?
True
Is 5045 a composite number?
True
Is 1085267 a composite number?
True
Is 17965 a composite number?
True
Is 25791 a prime number?
False
Is 2161 a composite number?
False
Is 30047 prime?
True
Is 8315 a composite number?
True
Is 29707 a prime number?
False
Is 48305 a composite number?
True
Is 28133 a composite number?
True
Is 15493 composite?
False
Is 77201 prime?
True
Is 39635 composite?
True
Is 166343 prime?
False
Is 35093 prime?
False
Is 2203 a composite number?
False
Is 7343 a composite number?
True
Is 213703 a prime number?
False
Is 35605 a composite number?
True
Is 959533 prime?
True
Is 4443 a prime number?
False
Is 87 a prime number?
False
Is 4733 a prime number?
True
Is 47699 a prime number?
True
Is 14977 a prime number?
False
Is 86111 prime?
True
Is 38543 a prime number?
True
Is 3587 a prime number?
False
Is 647641 composite?
False
Is 10397 a prime number?
False
Is 11863 a composite number?
False
Is 1944551 prime?
False
Is 28697 a prime number?
True
Is 614831 prime?
False
Is 18391 a composite number?
True
Is 22247 a prime number?
True
Is 13159 composite?
False
Is 100387 prime?
False
Is 28513 a composite number?
False
Is 21265 a prime number?
False
Is 13649 prime?
True
Is 212723 a composite number?
True
Is 25661 a prime number?
False
Is 34211 prime?
True
Is 2190829 composite?
False
Is 6339 a prime number?
False
Is 19913 composite?
False
Is 10037 composite?
False
Is 80741 prime?
False
Is 6761 prime?
True
Is 145177 prime?
True
Is 83639 a prime number?
True
Is 2680003 prime?
True
Is 23603 a composite number?
False
Is 25031 a prime number?
True
Is 2081 composite?
False
Is 432713 composite?
False
Is 995183 prime?
False
Is 9467 composite?
False
Is 49871 composite?
False
Is 6247 a prime number?
True
Is 38957 composite?
True
Is 4282129 a composite number?
False
Is 35863 prime?
True
Is 2064377 prime?
False
Is 75913 composite?
False
Is 190751 prime?
False
Is 18419 prime?
False
Is 2237 composite?
False
Is 49303 a composite number?
True
Is 116713 composite?
True
Is 14563 a prime number?
True
Is 12758 a prime number?
False
Is 367357 a prime number?
True
Is 8263 prime?
True
Is 127943 a prime number?
False
Is 1799 a prime number?
False
Is 369407 a composite number?
False
Is 130821 composite?
True
Is 1276277 a prime number?
False
Is 34297 prime?
True
Is 386569 a prime number?
True
Is 291815 a prime number?
False
Is 41569 composite?
True
Is 118739 a prime number?
True
Is 19697 composite?
False
Is 223 a composite number?
False
Is 398143 a prime number?
True
Is 454271 a prime number?
False
Is 32467 a composite number?
False
Is 172373 prime?
True
Is 7279 composite?
True
Is 50497 prime?
True
Is 75937 composite?
False
Is 266317 a prime number?
False
Is 280061 a prime number?
True
Is 2819 composite?
False
Is 4